{"id":664,"date":"2025-12-22T19:27:02","date_gmt":"2025-12-22T19:27:02","guid":{"rendered":"https:\/\/weld-pol.com.pl\/?page_id=664"},"modified":"2025-12-22T19:34:23","modified_gmt":"2025-12-22T19:34:23","slug":"sponsoring","status":"publish","type":"page","link":"https:\/\/weld-pol.com.pl\/?page_id=664","title":{"rendered":"SPONSORING"},"content":{"rendered":"\t\t<div data-elementor-type=\"wp-page\" data-elementor-id=\"664\" class=\"elementor elementor-664\" data-elementor-post-type=\"page\">\n\t\t\t\t<div class=\"elementor-element elementor-element-1c4ed013 e-flex e-con-boxed e-con e-parent\" data-id=\"1c4ed013\" data-element_type=\"container\" data-e-type=\"container\" data-settings=\"{&quot;background_background&quot;:&quot;classic&quot;}\">\n\t\t\t\t\t<div class=\"e-con-inner\">\n\t\t\t\t<div class=\"elementor-element elementor-element-5756d695 elementor-widget elementor-widget-heading\" data-id=\"5756d695\" data-element_type=\"widget\" data-e-type=\"widget\" data-widget_type=\"heading.default\">\n\t\t\t\t<div class=\"elementor-widget-container\">\n\t\t\t\t\t<h2 class=\"elementor-heading-title elementor-size-default\">Sponsoring<\/h2>\t\t\t\t<\/div>\n\t\t\t\t<\/div>\n\t\t\t\t\t<\/div>\n\t\t\t\t<\/div>\n\t\t<div class=\"elementor-element elementor-element-2a87d59e e-flex e-con-boxed e-con e-parent\" data-id=\"2a87d59e\" data-element_type=\"container\" data-e-type=\"container\">\n\t\t\t\t\t<div class=\"e-con-inner\">\n\t\t\t\t<div class=\"elementor-element elementor-element-26d7f1d elementor-widget elementor-widget-heading\" data-id=\"26d7f1d\" data-element_type=\"widget\" data-e-type=\"widget\" data-widget_type=\"heading.default\">\n\t\t\t\t<div class=\"elementor-widget-container\">\n\t\t\t\t\t<h2 class=\"elementor-heading-title elementor-size-default\">Wspieramy Pasj\u0119 i M\u0142ode Talenty. Jeste\u015bmy dumnym sponsorem Klubu Narciarskiego Gondola<\/h2>\t\t\t\t<\/div>\n\t\t\t\t<\/div>\n\t\t\t\t<div class=\"elementor-element elementor-element-6dc3476a elementor-widget elementor-widget-text-editor\" data-id=\"6dc3476a\" data-element_type=\"widget\" data-e-type=\"widget\" data-widget_type=\"text-editor.default\">\n\t\t\t\t<div class=\"elementor-widget-container\">\n\t\t\t\t\t\t\t\t\t<p data-path-to-node=\"5\"><span class=\"\">W Weld-Pol wierzymy,<\/span><span class=\"\">\u00a0\u017ce sukces \u2013 zar\u00f3wno w przemy\u015ble,<\/span><span class=\"\">\u00a0jak i w sporcie \u2013 buduje si\u0119 na solidnych fundamentach:<\/span><span class=\"\">\u00a0ci\u0119\u017ckiej pracy,<\/span><span class=\"\">\u00a0precyzji i nieustannym d\u0105\u017ceniu do doskona\u0142o\u015bci.<\/span><span class=\"\">\u00a0Dlatego z dum\u0105 wspieramy\u00a0<\/span><b class=\"\" data-path-to-node=\"5\" data-index-in-node=\"199\">Klub Narciarski Gondola<\/b><span class=\"\">,<\/span><span class=\"\">\u00a0organizacj\u0119 z wieloletni\u0105 tradycj\u0105,<\/span><span class=\"\">\u00a0kt\u00f3ra kszta\u0142tuje charaktery przysz\u0142ych mistrz\u00f3w na stokach Jaworzyny Krynickiej.<\/span><\/p><p data-path-to-node=\"6\"><b class=\"\" data-path-to-node=\"6\" data-index-in-node=\"0\">Dlaczego KN Gondola?<\/b><span class=\"\">\u00a0Klub Narciarski Gondola to nie tylko treningi narciarstwa alpejskiego.<\/span><span class=\"\">\u00a0To spo\u0142eczno\u015b\u0107,<\/span><span class=\"\">\u00a0kt\u00f3ra od lat zaszczepia w dzieciach i m\u0142odzie\u017cy ducha sportowej rywalizacji,<\/span><span class=\"\">\u00a0zasady fair play oraz mi\u0142o\u015b\u0107 do aktywnego trybu \u017cycia.<\/span><span class=\"\">\u00a0Obserwuj\u0105c determinacj\u0119 m\u0142odych zawodnik\u00f3w podczas trening\u00f3w i zawod\u00f3w ligowych,<\/span><span class=\"\">\u00a0widzimy te same warto\u015bci,<\/span><span class=\"\">\u00a0kt\u00f3rymi kierujemy si\u0119 w biznesie:<\/span><span class=\"\">\u00a0wytrwa\u0142o\u015b\u0107,<\/span><span class=\"\">\u00a0technik\u0119 i ambicj\u0119.<\/span><\/p><p data-path-to-node=\"7\"><span class=\"\">Jako partner,<\/span><span class=\"\">\u00a0cieszymy si\u0119,<\/span><span class=\"\">\u00a0\u017ce mo\u017cemy dok\u0142ada\u0107 cegie\u0142k\u0119 do rozwoju lokalnego sportu i pomaga\u0107 m\u0142odym narciarzom w zdobywaniu kolejnych szczyt\u00f3w \u2013 dos\u0142ownie i w przeno\u015bni.<\/span><\/p>\t\t\t\t\t\t\t\t<\/div>\n\t\t\t\t<\/div>\n\t\t\t\t\t<\/div>\n\t\t\t\t<\/div>\n\t\t<div class=\"elementor-element elementor-element-b02c571 e-flex e-con-boxed e-con e-parent\" data-id=\"b02c571\" data-element_type=\"container\" data-e-type=\"container\">\n\t\t\t\t\t<div class=\"e-con-inner\">\n\t\t<div class=\"elementor-element elementor-element-2862579b e-con-full e-flex e-con e-child\" data-id=\"2862579b\" data-element_type=\"container\" data-e-type=\"container\">\n\t\t\t\t<div class=\"elementor-element elementor-element-72c82f7f elementor-widget elementor-widget-image\" data-id=\"72c82f7f\" data-element_type=\"widget\" data-e-type=\"widget\" data-widget_type=\"image.default\">\n\t\t\t\t<div class=\"elementor-widget-container\">\n\t\t\t\t\t\t\t\t\t\t\t\t\t\t\t<img fetchpriority=\"high\" decoding=\"async\" width=\"800\" height=\"600\" src=\"https:\/\/weld-pol.com.pl\/wp-content\/uploads\/2025\/12\/WhatsApp-Image-2025-12-22-at-12.46.53-2-1024x768.jpeg\" class=\"attachment-large size-large wp-image-668\" alt=\"\" srcset=\"https:\/\/weld-pol.com.pl\/wp-content\/uploads\/2025\/12\/WhatsApp-Image-2025-12-22-at-12.46.53-2-1024x768.jpeg 1024w, https:\/\/weld-pol.com.pl\/wp-content\/uploads\/2025\/12\/WhatsApp-Image-2025-12-22-at-12.46.53-2-300x225.jpeg 300w, https:\/\/weld-pol.com.pl\/wp-content\/uploads\/2025\/12\/WhatsApp-Image-2025-12-22-at-12.46.53-2-768x576.jpeg 768w, https:\/\/weld-pol.com.pl\/wp-content\/uploads\/2025\/12\/WhatsApp-Image-2025-12-22-at-12.46.53-2-1536x1152.jpeg 1536w, https:\/\/weld-pol.com.pl\/wp-content\/uploads\/2025\/12\/WhatsApp-Image-2025-12-22-at-12.46.53-2.jpeg 1600w\" sizes=\"(max-width: 800px) 100vw, 800px\" \/>\t\t\t\t\t\t\t\t\t\t\t\t\t\t\t<\/div>\n\t\t\t\t<\/div>\n\t\t\t\t<\/div>\n\t\t<div class=\"elementor-element elementor-element-10cdd1ca e-con-full e-flex e-con e-child\" data-id=\"10cdd1ca\" data-element_type=\"container\" data-e-type=\"container\">\n\t\t\t\t<div class=\"elementor-element elementor-element-7635f990 elementor-widget elementor-widget-image\" data-id=\"7635f990\" data-element_type=\"widget\" data-e-type=\"widget\" data-widget_type=\"image.default\">\n\t\t\t\t<div class=\"elementor-widget-container\">\n\t\t\t\t\t\t\t\t\t\t\t\t\t\t\t<img decoding=\"async\" width=\"800\" height=\"600\" src=\"https:\/\/weld-pol.com.pl\/wp-content\/uploads\/2025\/12\/WhatsApp-Image-2025-12-22-at-12.46.53-1024x768.jpeg\" class=\"attachment-large size-large wp-image-669\" alt=\"\" srcset=\"https:\/\/weld-pol.com.pl\/wp-content\/uploads\/2025\/12\/WhatsApp-Image-2025-12-22-at-12.46.53-1024x768.jpeg 1024w, https:\/\/weld-pol.com.pl\/wp-content\/uploads\/2025\/12\/WhatsApp-Image-2025-12-22-at-12.46.53-300x225.jpeg 300w, https:\/\/weld-pol.com.pl\/wp-content\/uploads\/2025\/12\/WhatsApp-Image-2025-12-22-at-12.46.53-768x576.jpeg 768w, https:\/\/weld-pol.com.pl\/wp-content\/uploads\/2025\/12\/WhatsApp-Image-2025-12-22-at-12.46.53-1536x1152.jpeg 1536w, https:\/\/weld-pol.com.pl\/wp-content\/uploads\/2025\/12\/WhatsApp-Image-2025-12-22-at-12.46.53.jpeg 1600w\" sizes=\"(max-width: 800px) 100vw, 800px\" \/>\t\t\t\t\t\t\t\t\t\t\t\t\t\t\t<\/div>\n\t\t\t\t<\/div>\n\t\t\t\t<\/div>\n\t\t<div class=\"elementor-element elementor-element-640ba22 e-con-full e-flex e-con e-child\" data-id=\"640ba22\" data-element_type=\"container\" data-e-type=\"container\">\n\t\t\t\t<div class=\"elementor-element elementor-element-92e7fb4 elementor-widget elementor-widget-image\" data-id=\"92e7fb4\" data-element_type=\"widget\" data-e-type=\"widget\" data-widget_type=\"image.default\">\n\t\t\t\t<div class=\"elementor-widget-container\">\n\t\t\t\t\t\t\t\t\t\t\t\t\t\t\t<img decoding=\"async\" width=\"800\" height=\"370\" src=\"https:\/\/weld-pol.com.pl\/wp-content\/uploads\/2025\/12\/WhatsApp-Image-2025-12-22-at-12.46.53-1-1024x473.jpeg\" class=\"attachment-large size-large wp-image-667\" alt=\"\" srcset=\"https:\/\/weld-pol.com.pl\/wp-content\/uploads\/2025\/12\/WhatsApp-Image-2025-12-22-at-12.46.53-1-1024x473.jpeg 1024w, https:\/\/weld-pol.com.pl\/wp-content\/uploads\/2025\/12\/WhatsApp-Image-2025-12-22-at-12.46.53-1-300x139.jpeg 300w, https:\/\/weld-pol.com.pl\/wp-content\/uploads\/2025\/12\/WhatsApp-Image-2025-12-22-at-12.46.53-1-768x355.jpeg 768w, https:\/\/weld-pol.com.pl\/wp-content\/uploads\/2025\/12\/WhatsApp-Image-2025-12-22-at-12.46.53-1-1536x709.jpeg 1536w, https:\/\/weld-pol.com.pl\/wp-content\/uploads\/2025\/12\/WhatsApp-Image-2025-12-22-at-12.46.53-1.jpeg 1600w\" sizes=\"(max-width: 800px) 100vw, 800px\" \/>\t\t\t\t\t\t\t\t\t\t\t\t\t\t\t<\/div>\n\t\t\t\t<\/div>\n\t\t\t\t<\/div>\n\t\t<div class=\"elementor-element elementor-element-d91396a e-con-full e-flex e-con e-child\" data-id=\"d91396a\" data-element_type=\"container\" data-e-type=\"container\">\n\t\t\t\t<div class=\"elementor-element elementor-element-7a0773a elementor-widget elementor-widget-image\" data-id=\"7a0773a\" data-element_type=\"widget\" data-e-type=\"widget\" data-widget_type=\"image.default\">\n\t\t\t\t<div class=\"elementor-widget-container\">\n\t\t\t\t\t\t\t\t\t\t\t\t\t\t\t<img loading=\"lazy\" decoding=\"async\" width=\"473\" height=\"1024\" src=\"https:\/\/weld-pol.com.pl\/wp-content\/uploads\/2025\/12\/WhatsApp-Image-2025-12-22-at-12.46.53-3-473x1024.jpeg\" class=\"attachment-large size-large wp-image-670\" alt=\"\" srcset=\"https:\/\/weld-pol.com.pl\/wp-content\/uploads\/2025\/12\/WhatsApp-Image-2025-12-22-at-12.46.53-3-473x1024.jpeg 473w, https:\/\/weld-pol.com.pl\/wp-content\/uploads\/2025\/12\/WhatsApp-Image-2025-12-22-at-12.46.53-3-139x300.jpeg 139w, https:\/\/weld-pol.com.pl\/wp-content\/uploads\/2025\/12\/WhatsApp-Image-2025-12-22-at-12.46.53-3-709x1536.jpeg 709w, https:\/\/weld-pol.com.pl\/wp-content\/uploads\/2025\/12\/WhatsApp-Image-2025-12-22-at-12.46.53-3.jpeg 739w\" sizes=\"(max-width: 473px) 100vw, 473px\" \/>\t\t\t\t\t\t\t\t\t\t\t\t\t\t\t<\/div>\n\t\t\t\t<\/div>\n\t\t\t\t<\/div>\n\t\t\t\t\t<\/div>\n\t\t\t\t<\/div>\n\t\t\t\t<\/div>\n\t\t","protected":false},"excerpt":{"rendered":"<p>Sponsoring Wspieramy Pasj\u0119 i M\u0142ode Talenty. Jeste\u015bmy dumnym sponsorem Klubu Narciarskiego Gondola W Weld-Pol wierzymy,\u00a0\u017ce sukces \u2013 zar\u00f3wno w przemy\u015ble,\u00a0jak i w sporcie \u2013 buduje si\u0119 na solidnych fundamentach:\u00a0ci\u0119\u017ckiej pracy,\u00a0precyzji i nieustannym d\u0105\u017ceniu do doskona\u0142o\u015bci.\u00a0Dlatego z dum\u0105 wspieramy\u00a0Klub Narciarski Gondola,\u00a0organizacj\u0119 z wieloletni\u0105 tradycj\u0105,\u00a0kt\u00f3ra kszta\u0142tuje charaktery przysz\u0142ych mistrz\u00f3w na stokach Jaworzyny Krynickiej. Dlaczego KN Gondola?\u00a0Klub Narciarski [&hellip;]<\/p>\n","protected":false},"author":1,"featured_media":0,"parent":0,"menu_order":0,"comment_status":"closed","ping_status":"closed","template":"","meta":{"footnotes":""},"class_list":["post-664","page","type-page","status-publish","hentry"],"_links":{"self":[{"href":"https:\/\/weld-pol.com.pl\/index.php?rest_route=\/wp\/v2\/pages\/664","targetHints":{"allow":["GET"]}}],"collection":[{"href":"https:\/\/weld-pol.com.pl\/index.php?rest_route=\/wp\/v2\/pages"}],"about":[{"href":"https:\/\/weld-pol.com.pl\/index.php?rest_route=\/wp\/v2\/types\/page"}],"author":[{"embeddable":true,"href":"https:\/\/weld-pol.com.pl\/index.php?rest_route=\/wp\/v2\/users\/1"}],"replies":[{"embeddable":true,"href":"https:\/\/weld-pol.com.pl\/index.php?rest_route=%2Fwp%2Fv2%2Fcomments&post=664"}],"version-history":[{"count":7,"href":"https:\/\/weld-pol.com.pl\/index.php?rest_route=\/wp\/v2\/pages\/664\/revisions"}],"predecessor-version":[{"id":677,"href":"https:\/\/weld-pol.com.pl\/index.php?rest_route=\/wp\/v2\/pages\/664\/revisions\/677"}],"wp:attachment":[{"href":"https:\/\/weld-pol.com.pl\/index.php?rest_route=%2Fwp%2Fv2%2Fmedia&parent=664"}],"curies":[{"name":"wp","href":"https:\/\/api.w.org\/{rel}","templated":true}]}}