{"id":275,"date":"2025-12-11T05:24:01","date_gmt":"2025-12-11T05:24:01","guid":{"rendered":"https:\/\/weld-pol.com.pl\/?page_id=275"},"modified":"2025-12-15T06:13:39","modified_gmt":"2025-12-15T06:13:39","slug":"certyfikaty","status":"publish","type":"page","link":"https:\/\/weld-pol.com.pl\/?page_id=275","title":{"rendered":"Certyfikaty"},"content":{"rendered":"\t\t<div data-elementor-type=\"wp-page\" data-elementor-id=\"275\" class=\"elementor elementor-275\" data-elementor-post-type=\"page\">\n\t\t\t\t<div class=\"elementor-element elementor-element-7764325e e-flex e-con-boxed e-con e-parent\" data-id=\"7764325e\" data-element_type=\"container\" data-e-type=\"container\" data-settings=\"{&quot;background_background&quot;:&quot;classic&quot;}\">\n\t\t\t\t\t<div class=\"e-con-inner\">\n\t\t\t\t<div class=\"elementor-element elementor-element-4f961775 elementor-widget elementor-widget-heading\" data-id=\"4f961775\" data-element_type=\"widget\" data-e-type=\"widget\" data-widget_type=\"heading.default\">\n\t\t\t\t<div class=\"elementor-widget-container\">\n\t\t\t\t\t<h2 class=\"elementor-heading-title elementor-size-default\">Certyfikaty<\/h2>\t\t\t\t<\/div>\n\t\t\t\t<\/div>\n\t\t\t\t\t<\/div>\n\t\t\t\t<\/div>\n\t\t<div class=\"elementor-element elementor-element-ee9b7b6 e-flex e-con-boxed e-con e-parent\" data-id=\"ee9b7b6\" data-element_type=\"container\" data-e-type=\"container\">\n\t\t\t\t\t<div class=\"e-con-inner\">\n\t\t\t\t<div class=\"elementor-element elementor-element-3d79b955 elementor-widget elementor-widget-heading\" data-id=\"3d79b955\" data-element_type=\"widget\" data-e-type=\"widget\" data-widget_type=\"heading.default\">\n\t\t\t\t<div class=\"elementor-widget-container\">\n\t\t\t\t\t<h2 class=\"elementor-heading-title elementor-size-default\">Jako\u015b\u0107 i bezpiecze\u0144stwo potwierdzone dokumentami<\/h2>\t\t\t\t<\/div>\n\t\t\t\t<\/div>\n\t\t\t\t<div class=\"elementor-element elementor-element-6770e417 elementor-widget elementor-widget-text-editor\" data-id=\"6770e417\" data-element_type=\"widget\" data-e-type=\"widget\" data-widget_type=\"text-editor.default\">\n\t\t\t\t<div class=\"elementor-widget-container\">\n\t\t\t\t\t\t\t\t\t<p>W bran\u017cy przemys\u0142owej nie ma miejsca na ryzyko. Dlatego fundamentem naszej dzia\u0142alno\u015bci jest wykwalifikowana kadra, \u0142\u0105cz\u0105ca wieloletni sta\u017c zawodowy z aktualnymi uprawnieniami mi\u0119dzynarodowymi. Posiadanie certyfikat\u00f3w to dla nas nie tylko formalno\u015b\u0107, ale gwarancja, \u017ce prace spawalnicze i monta\u017cowe zostan\u0105 wykonane zgodnie ze sztuk\u0105 oraz najwy\u017cszymi standardami BHP. Nasi pracownicy legitymuj\u0105 si\u0119 uprawnieniami <b>VCA (SCC)<\/b> oraz <b>TUV<\/b>, co otwiera nam drog\u0119 do realizacji projekt\u00f3w na najbardziej wymagaj\u0105cych instalacjach w Polsce i Europie Zachodniej.<\/p>\t\t\t\t\t\t\t\t<\/div>\n\t\t\t\t<\/div>\n\t\t\t\t\t<\/div>\n\t\t\t\t<\/div>\n\t\t<div class=\"elementor-element elementor-element-b15a228 e-flex e-con-boxed e-con e-parent\" data-id=\"b15a228\" data-element_type=\"container\" data-e-type=\"container\">\n\t\t\t\t\t<div class=\"e-con-inner\">\n\t\t<div class=\"elementor-element elementor-element-99a5be4 e-con-full e-flex e-con e-child\" data-id=\"99a5be4\" data-element_type=\"container\" data-e-type=\"container\">\n\t\t\t\t<div class=\"elementor-element elementor-element-61bf2951 elementor-widget elementor-widget-image\" data-id=\"61bf2951\" data-element_type=\"widget\" data-e-type=\"widget\" data-widget_type=\"image.default\">\n\t\t\t\t<div class=\"elementor-widget-container\">\n\t\t\t\t\t\t\t\t\t\t\t\t\t\t\t\t<a href=\"https:\/\/weld-pol.com.pl\/wp-content\/uploads\/2025\/12\/TUV.png\" data-elementor-open-lightbox=\"yes\" data-elementor-lightbox-title=\"TUV\" data-e-action-hash=\"#elementor-action%3Aaction%3Dlightbox%26settings%3DeyJpZCI6MzM0LCJ1cmwiOiJodHRwczpcL1wvd2VsZC1wb2wuY29tLnBsXC93cC1jb250ZW50XC91cGxvYWRzXC8yMDI1XC8xMlwvVFVWLnBuZyJ9\">\n\t\t\t\t\t\t\t<img fetchpriority=\"high\" decoding=\"async\" width=\"1060\" height=\"1474\" src=\"https:\/\/weld-pol.com.pl\/wp-content\/uploads\/2025\/12\/TUV.png\" class=\"attachment-full size-full wp-image-334\" alt=\"\" srcset=\"https:\/\/weld-pol.com.pl\/wp-content\/uploads\/2025\/12\/TUV.png 1060w, https:\/\/weld-pol.com.pl\/wp-content\/uploads\/2025\/12\/TUV-216x300.png 216w\" sizes=\"(max-width: 1060px) 100vw, 1060px\" \/>\t\t\t\t\t\t\t\t<\/a>\n\t\t\t\t\t\t\t\t\t\t\t\t\t\t\t<\/div>\n\t\t\t\t<\/div>\n\t\t\t\t<div class=\"elementor-element elementor-element-7fefe3cb elementor-align-justify elementor-widget elementor-widget-button\" data-id=\"7fefe3cb\" data-element_type=\"widget\" data-e-type=\"widget\" data-widget_type=\"button.default\">\n\t\t\t\t<div class=\"elementor-widget-container\">\n\t\t\t\t\t\t\t\t\t<div class=\"elementor-button-wrapper\">\n\t\t\t\t\t<a class=\"elementor-button elementor-button-link elementor-size-sm\" href=\"#\">\n\t\t\t\t\t\t<span class=\"elementor-button-content-wrapper\">\n\t\t\t\t\t\t\t\t\t<span class=\"elementor-button-text\">TUV WPQR<\/span>\n\t\t\t\t\t<\/span>\n\t\t\t\t\t<\/a>\n\t\t\t\t<\/div>\n\t\t\t\t\t\t\t\t<\/div>\n\t\t\t\t<\/div>\n\t\t\t\t<\/div>\n\t\t<div class=\"elementor-element elementor-element-a39aeb2 e-con-full e-flex e-con e-child\" data-id=\"a39aeb2\" data-element_type=\"container\" data-e-type=\"container\">\n\t\t\t\t<div class=\"elementor-element elementor-element-a857dd4 elementor-widget elementor-widget-image\" data-id=\"a857dd4\" data-element_type=\"widget\" data-e-type=\"widget\" data-widget_type=\"image.default\">\n\t\t\t\t<div class=\"elementor-widget-container\">\n\t\t\t\t\t\t\t\t\t\t\t\t\t\t\t<img decoding=\"async\" width=\"1242\" height=\"1755\" src=\"https:\/\/weld-pol.com.pl\/wp-content\/uploads\/2025\/12\/Weld-Pol-VCA-cert-_page-0001.jpg\" class=\"attachment-full size-full wp-image-342\" alt=\"\" srcset=\"https:\/\/weld-pol.com.pl\/wp-content\/uploads\/2025\/12\/Weld-Pol-VCA-cert-_page-0001.jpg 1242w, https:\/\/weld-pol.com.pl\/wp-content\/uploads\/2025\/12\/Weld-Pol-VCA-cert-_page-0001-212x300.jpg 212w, https:\/\/weld-pol.com.pl\/wp-content\/uploads\/2025\/12\/Weld-Pol-VCA-cert-_page-0001-725x1024.jpg 725w, https:\/\/weld-pol.com.pl\/wp-content\/uploads\/2025\/12\/Weld-Pol-VCA-cert-_page-0001-768x1085.jpg 768w, https:\/\/weld-pol.com.pl\/wp-content\/uploads\/2025\/12\/Weld-Pol-VCA-cert-_page-0001-1087x1536.jpg 1087w\" sizes=\"(max-width: 1242px) 100vw, 1242px\" \/>\t\t\t\t\t\t\t\t\t\t\t\t\t\t\t<\/div>\n\t\t\t\t<\/div>\n\t\t\t\t<div class=\"elementor-element elementor-element-ee74eb8 elementor-align-justify elementor-widget elementor-widget-button\" data-id=\"ee74eb8\" data-element_type=\"widget\" data-e-type=\"widget\" data-widget_type=\"button.default\">\n\t\t\t\t<div class=\"elementor-widget-container\">\n\t\t\t\t\t\t\t\t\t<div class=\"elementor-button-wrapper\">\n\t\t\t\t\t<a class=\"elementor-button elementor-button-link elementor-size-sm\" href=\"#\">\n\t\t\t\t\t\t<span class=\"elementor-button-content-wrapper\">\n\t\t\t\t\t\t\t\t\t<span class=\"elementor-button-text\">VCA<\/span>\n\t\t\t\t\t<\/span>\n\t\t\t\t\t<\/a>\n\t\t\t\t<\/div>\n\t\t\t\t\t\t\t\t<\/div>\n\t\t\t\t<\/div>\n\t\t\t\t<\/div>\n\t\t<div class=\"elementor-element elementor-element-de79483 e-con-full e-flex e-con e-child\" data-id=\"de79483\" data-element_type=\"container\" data-e-type=\"container\">\n\t\t\t\t<div class=\"elementor-element elementor-element-bc59c9e elementor-widget elementor-widget-image\" data-id=\"bc59c9e\" data-element_type=\"widget\" data-e-type=\"widget\" data-widget_type=\"image.default\">\n\t\t\t\t<div class=\"elementor-widget-container\">\n\t\t\t\t\t\t\t\t\t\t\t\t\t\t\t<img decoding=\"async\" width=\"1242\" height=\"1755\" src=\"https:\/\/weld-pol.com.pl\/wp-content\/uploads\/2025\/12\/ISO-Weld-POL_page-0001.jpg\" class=\"attachment-full size-full wp-image-343\" alt=\"\" srcset=\"https:\/\/weld-pol.com.pl\/wp-content\/uploads\/2025\/12\/ISO-Weld-POL_page-0001.jpg 1242w, https:\/\/weld-pol.com.pl\/wp-content\/uploads\/2025\/12\/ISO-Weld-POL_page-0001-212x300.jpg 212w, https:\/\/weld-pol.com.pl\/wp-content\/uploads\/2025\/12\/ISO-Weld-POL_page-0001-725x1024.jpg 725w, https:\/\/weld-pol.com.pl\/wp-content\/uploads\/2025\/12\/ISO-Weld-POL_page-0001-768x1085.jpg 768w, https:\/\/weld-pol.com.pl\/wp-content\/uploads\/2025\/12\/ISO-Weld-POL_page-0001-1087x1536.jpg 1087w\" sizes=\"(max-width: 1242px) 100vw, 1242px\" \/>\t\t\t\t\t\t\t\t\t\t\t\t\t\t\t<\/div>\n\t\t\t\t<\/div>\n\t\t\t\t<div class=\"elementor-element elementor-element-7422752 elementor-align-justify elementor-widget elementor-widget-button\" data-id=\"7422752\" data-element_type=\"widget\" data-e-type=\"widget\" data-widget_type=\"button.default\">\n\t\t\t\t<div class=\"elementor-widget-container\">\n\t\t\t\t\t\t\t\t\t<div class=\"elementor-button-wrapper\">\n\t\t\t\t\t<a class=\"elementor-button elementor-button-link elementor-size-sm\" href=\"#\">\n\t\t\t\t\t\t<span class=\"elementor-button-content-wrapper\">\n\t\t\t\t\t\t\t\t\t<span class=\"elementor-button-text\">ISO 9001<\/span>\n\t\t\t\t\t<\/span>\n\t\t\t\t\t<\/a>\n\t\t\t\t<\/div>\n\t\t\t\t\t\t\t\t<\/div>\n\t\t\t\t<\/div>\n\t\t\t\t<\/div>\n\t\t<div class=\"elementor-element elementor-element-755e4eb e-con-full e-flex e-con e-child\" data-id=\"755e4eb\" data-element_type=\"container\" data-e-type=\"container\">\n\t\t\t\t<\/div>\n\t\t<div class=\"elementor-element elementor-element-55896b5 e-con-full e-flex e-con e-child\" data-id=\"55896b5\" data-element_type=\"container\" data-e-type=\"container\">\n\t\t\t\t<\/div>\n\t\t<div class=\"elementor-element elementor-element-612bd20 e-con-full e-flex e-con e-child\" data-id=\"612bd20\" data-element_type=\"container\" data-e-type=\"container\">\n\t\t\t\t<\/div>\n\t\t\t\t\t<\/div>\n\t\t\t\t<\/div>\n\t\t\t\t<\/div>\n\t\t","protected":false},"excerpt":{"rendered":"<p>Certyfikaty Jako\u015b\u0107 i bezpiecze\u0144stwo potwierdzone dokumentami W bran\u017cy przemys\u0142owej nie ma miejsca na ryzyko. Dlatego fundamentem naszej dzia\u0142alno\u015bci jest wykwalifikowana kadra, \u0142\u0105cz\u0105ca wieloletni sta\u017c zawodowy z aktualnymi uprawnieniami mi\u0119dzynarodowymi. Posiadanie certyfikat\u00f3w to dla nas nie tylko formalno\u015b\u0107, ale gwarancja, \u017ce prace spawalnicze i monta\u017cowe zostan\u0105 wykonane zgodnie ze sztuk\u0105 oraz najwy\u017cszymi standardami BHP. Nasi pracownicy [&hellip;]<\/p>\n","protected":false},"author":1,"featured_media":0,"parent":0,"menu_order":0,"comment_status":"closed","ping_status":"closed","template":"","meta":{"footnotes":""},"class_list":["post-275","page","type-page","status-publish","hentry"],"_links":{"self":[{"href":"https:\/\/weld-pol.com.pl\/index.php?rest_route=\/wp\/v2\/pages\/275","targetHints":{"allow":["GET"]}}],"collection":[{"href":"https:\/\/weld-pol.com.pl\/index.php?rest_route=\/wp\/v2\/pages"}],"about":[{"href":"https:\/\/weld-pol.com.pl\/index.php?rest_route=\/wp\/v2\/types\/page"}],"author":[{"embeddable":true,"href":"https:\/\/weld-pol.com.pl\/index.php?rest_route=\/wp\/v2\/users\/1"}],"replies":[{"embeddable":true,"href":"https:\/\/weld-pol.com.pl\/index.php?rest_route=%2Fwp%2Fv2%2Fcomments&post=275"}],"version-history":[{"count":19,"href":"https:\/\/weld-pol.com.pl\/index.php?rest_route=\/wp\/v2\/pages\/275\/revisions"}],"predecessor-version":[{"id":476,"href":"https:\/\/weld-pol.com.pl\/index.php?rest_route=\/wp\/v2\/pages\/275\/revisions\/476"}],"wp:attachment":[{"href":"https:\/\/weld-pol.com.pl\/index.php?rest_route=%2Fwp%2Fv2%2Fmedia&parent=275"}],"curies":[{"name":"wp","href":"https:\/\/api.w.org\/{rel}","templated":true}]}}